{"id":2546,"date":"2018-03-23T06:22:41","date_gmt":"2018-03-23T06:22:41","guid":{"rendered":"http:\/\/192.168.1.99\/WordpressDevelop\/videoplus-config\/?page_id=2546"},"modified":"2018-03-23T06:22:41","modified_gmt":"2018-03-23T06:22:41","slug":"default-2-columns","status":"publish","type":"page","link":"https:\/\/showmehiphop.com\/index.php\/default-2-columns\/","title":{"rendered":"DEFAULT &#8211; 2 COLUMNS"},"content":{"rendered":"\t\t<div data-elementor-type=\"wp-post\" data-elementor-id=\"2546\" class=\"elementor elementor-2546 elementor-bc-flex-widget\">\n\t\t\t\t\t\t<section class=\"elementor-section elementor-top-section elementor-element elementor-element-82b68fc elementor-section-boxed elementor-section-height-default elementor-section-height-default\" data-id=\"82b68fc\" data-element_type=\"section\">\n\t\t\t\t\t\t<div class=\"elementor-container elementor-column-gap-no\">\n\t\t\t\t\t<div class=\"elementor-column elementor-col-16 elementor-top-column elementor-element elementor-element-8ac00ab\" data-id=\"8ac00ab\" data-element_type=\"column\">\n\t\t\t<div class=\"elementor-widget-wrap\">\n\t\t\t\t\t\t\t<\/div>\n\t\t<\/div>\n\t\t\t\t<div class=\"elementor-column elementor-col-66 elementor-top-column elementor-element elementor-element-97e1309\" data-id=\"97e1309\" data-element_type=\"column\">\n\t\t\t<div class=\"elementor-widget-wrap elementor-element-populated\">\n\t\t\t\t\t\t<div class=\"elementor-element elementor-element-6190388 elementor-widget elementor-widget-vidorev_block_addon\" data-id=\"6190388\" data-element_type=\"widget\" data-widget_type=\"vidorev_block_addon.default\">\n\t\t\t\t<div class=\"elementor-widget-container\">\n\t\t\t\t\t\t\t\t\t\t\t<div class=\"sc-blocks-container sc-blocks-container-control block-df-2 fw-c-fix-cls\" data-id=\"vp_71689\">\r\n\t\t\t\t\t\t\r\n\t\t\t\t\t\t\t\t\t\t\t\t\t\t\t<div class=\"filter-container filter-container-control\">\r\n\t\t\t\t\t\t\t\t\t<div class=\"filter-wrapper\">\r\n\t\t\t\t\t\t\t\t\t\t\t\t\t\t\t\t\t\t\t\t\t<div class=\"block-title block-title-control\"><h2 class=\"extra-bold h5\">BLOCK DEFAULT - 2 COLUMNS<\/h2><\/div>\r\n\t\t\t\t\t\t\t\t\t\t\t\t\t\t\t\t\t\t\t\t\r\n\t\t\t\t\t\t\t\t\t\t\t\t\t\t\t\t\t\t\t\t\t<div class=\"filter-items filter-items-control navigation-font nav-font-size-12\">\r\n\t\t\t\t\t\t\t\t\t\t\t\t<div class=\"filter-items-wrapper filter-items-wrapper-control\">\r\n\t\t\t\t\t\t\t\t\t\t\t\t\t<span class=\"filter-item filter-action-control active-item\" data-taxonomy=\"all\" data-id=\"0\">All<\/span><span class=\"filter-item filter-action-control\" data-taxonomy=\"category\" data-id=\"9\">TRAVEL<\/span><span class=\"filter-item filter-action-control\" data-taxonomy=\"category\" data-id=\"5\">MUSIC<\/span><span class=\"filter-item filter-action-control\" data-taxonomy=\"category\" data-id=\"4\">MOVIE<\/span><span class=\"filter-item filter-action-control\" data-taxonomy=\"category\" data-id=\"7\">SPORT<\/span><span class=\"filter-item filter-action-control\" data-taxonomy=\"category\" data-id=\"8\">TECHNOLOGY<\/span><span class=\"filter-item filter-action-control\" data-taxonomy=\"category\" data-id=\"2\">FASHION<\/span><span class=\"filter-item filter-action-control\" data-taxonomy=\"category\" data-id=\"3\">GAME<\/span>\t\t\t\t\t\t\t\t\t\t\t\t<\/div>\r\n\t\t\t\t\t\t\t\t\t\t\t<\/div>\r\n\t\t\t\t\t\t\t\t\t\t\t\t\t\t\t\t\t\t\t<\/div>\r\n\t\t\t\t\t\t\t\t<\/div>\r\n\t\t\t\t\t\t\t\r\n\t\t\t\t\t\t\t\t\t\t\t\t\t\t\r\n\t\t\t\t\t\t\t<div class=\"block-filter block-filter-control\">\r\n\t\t\t\t\t\t\t\t<div class=\"ajax-loading\">\r\n\t\t\t\t\t\t\t\t\t<div class=\"la-ball-triangle-path\">\r\n\t\t\t\t\t\t\t\t\t\t<div><\/div>\r\n\t\t\t\t\t\t\t\t\t\t<div><\/div>\r\n\t\t\t\t\t\t\t\t\t\t<div><\/div>\r\n\t\t\t\t\t\t\t\t\t<\/div>\r\n\t\t\t\t\t\t\t\t<\/div>\t\t\t\t\t\t\t\t\r\n\r\n\t\t\t\t\t\t\r\n\t\t\t\t\t\t\t\r\n                            \t\t\t\t\t\t\t\t<div class=\"blog-wrapper global-blog-wrapper blog-wrapper-control active-item current-paged\" data-item=\"0\" data-paged=\"1\" data-end=\"no\" data-all-page=\"2\" data-current-page=\"1\">\r\n\t\t\t\t\t\t\t\t\t<div class=\"blog-items blog-items-control site__row grid-default\">\r\n                            \t\t\t\t\t\t\t\t\t\t\t\t<div class=\"block-big-items\">\r\n\t\t\r\n\t\t\t<article class=\"post-item site__col post-18343 post type-post status-publish format-standard hentry category-uncategorized\">\r\n\t\t\t\t<div class=\"post-item-wrap\">\r\n\t\t\t\t\r\n\t\t\t\t\t\t\t\t\t\t\r\n\t\t\t\t\t<div class=\"listing-content\">\r\n\t\t\t\t\t\t\r\n\t\t\t\t\t\t<div class=\"categories-elm meta-font\"><div class=\"categories-wrap\"><a data-cat-id=\"cat_1\" href=\"https:\/\/showmehiphop.com\/index.php\/category\/uncategorized\/\" title=\"Uncategorized\" class=\"category-item m-font-size-10\">Uncategorized<\/a><\/div><\/div>\t\t\t\t\t\t\r\n\t\t\t\t\t\t<h3 class=\"entry-title h3 post-title\"> \r\n\t\t\t\t\t\t\t<a href=\"https:\/\/showmehiphop.com\/index.php\/2025\/08\/23\/%f0%9f%8e%b0-luks-casino-giris-icin-vpn-gerekli-mi\/\" title=\"\ud83c\udfb0 L\u00fcks casino giri\u015f i\u00e7in VPN gerekli mi?\">\ud83c\udfb0 L\u00fcks casino giri\u015f i\u00e7in VPN gerekli mi?<\/a> \r\n\t\t\t\t\t\t<\/h3>\t\r\n\t\t\t\t\t\t\r\n\t\t\t\t\t\t<div class=\"entry-meta post-meta meta-font\"><div class=\"post-meta-wrap\"><div class=\"author vcard\"><i class=\"fa fa-user-circle\" aria-hidden=\"true\"><\/i><a href=\"https:\/\/showmehiphop.com\/index.php\/author\/admin\/\">admin<\/a><\/div><div class=\"date-time\"><i class=\"fa fa-calendar\" aria-hidden=\"true\"><\/i><span><time class=\"entry-date published updated\" datetime=\"2025-08-23T09:13:24+00:00\">August 23, 2025<\/time><\/span><\/div><\/div><\/div>\t\r\n\t\t\t\t\t\r\n\t\t\t\t\t\t<div class=\"entry-content post-excerpt\">\ud83c\udfb0 L\u00fcks casino giri\u015f i\u00e7in VPN gerekli mi?<\/div>\t\t\t\t\t\r\n\t\t\t\t\t\t<div class=\"entry-meta post-meta meta-font\"><div class=\"post-meta-wrap\"><div class=\"comment-count\"><i class=\"fa fa-comment\" aria-hidden=\"true\"><\/i><span>0<\/span><\/div><div class=\"view-count\"><i class=\"fa fa-eye\" aria-hidden=\"true\"><\/i><span>0<\/span><\/div><div class=\"like-count\"><i class=\"fa fa-thumbs-up\" aria-hidden=\"true\"><\/i><span class=\"like-count\" data-id=\"18343\">0<\/span><\/div><div class=\"dislike-count\"><i class=\"fa fa-thumbs-down\" aria-hidden=\"true\"><\/i><span class=\"dislike-count\" data-id=\"18343\">0<\/span><\/div><\/div><\/div>\t\t\r\n\t\t\t\t\t\r\n\t\t\t\t\t<\/div>\r\n\t\t\t\t\t\r\n\t\t\t\t<\/div>\r\n\t\t\t<\/article>\r\n\r\n\t\r\n\t\t\t<article class=\"post-item site__col post-9858 post type-post status-publish format-standard hentry category-page\">\r\n\t\t\t\t<div class=\"post-item-wrap\">\r\n\t\t\t\t\r\n\t\t\t\t\t\t\t\t\t\t\r\n\t\t\t\t\t<div class=\"listing-content\">\r\n\t\t\t\t\t\t\r\n\t\t\t\t\t\t<div class=\"categories-elm meta-font\"><div class=\"categories-wrap\"><a data-cat-id=\"cat_2149\" href=\"https:\/\/showmehiphop.com\/index.php\/category\/page\/\" title=\"\uce74\uc9c0\ub178\uc0ac\uc774\ud2b8 \uc21c\uc704 \ud55c\uad6d\uc5d0\uc11c \uac00\uc7a5 \uc778\uae30\uc788\ub294 \uc628\ub77c\uc778 \ub3c4\ubc15 \ud50c\ub7ab\ud3fc\" class=\"category-item m-font-size-10\">\uce74\uc9c0\ub178\uc0ac\uc774\ud2b8 \uc21c\uc704 \ud55c\uad6d\uc5d0\uc11c \uac00\uc7a5 \uc778\uae30\uc788\ub294 \uc628\ub77c\uc778 \ub3c4\ubc15 \ud50c\ub7ab\ud3fc<\/a><\/div><\/div>\t\t\t\t\t\t\r\n\t\t\t\t\t\t<h3 class=\"entry-title h3 post-title\"> \r\n\t\t\t\t\t\t\t<a href=\"https:\/\/showmehiphop.com\/index.php\/2025\/07\/18\/page-1760\/\" title=\"\ud6c4\ud68c \uc5c6\ub294 \uce74\uc9c0\ub178 \uacb0\uc81c \uc218\ub2e8\ubcc4 \uc7a5\ub2e8\uc810 \ube44\uad50\uc640 \ud604\uba85\ud55c \uc120\ud0dd \uac00\uc774\ub4dc\">\ud6c4\ud68c \uc5c6\ub294 \uce74\uc9c0\ub178 \uacb0\uc81c \uc218\ub2e8\ubcc4 \uc7a5\ub2e8\uc810 \ube44\uad50\uc640 \ud604\uba85\ud55c \uc120\ud0dd \uac00\uc774\ub4dc<\/a> \r\n\t\t\t\t\t\t<\/h3>\t\r\n\t\t\t\t\t\t\r\n\t\t\t\t\t\t<div class=\"entry-meta post-meta meta-font\"><div class=\"post-meta-wrap\"><div class=\"author vcard\"><i class=\"fa fa-user-circle\" aria-hidden=\"true\"><\/i><a href=\"https:\/\/showmehiphop.com\/index.php\/author\/admin\/\">admin<\/a><\/div><div class=\"date-time\"><i class=\"fa fa-calendar\" aria-hidden=\"true\"><\/i><span><time class=\"entry-date published\" datetime=\"2025-07-18T16:50:44+00:00\">July 18, 2025<\/time> <span class=\"updated\"><\/span><time class=\"updated\" datetime=\"2025-07-18T19:24:44+00:00\">July 18, 2025<\/time><\/span><\/div><\/div><\/div>\t\r\n\t\t\t\t\t\r\n\t\t\t\t\t\t<div class=\"entry-content post-excerpt\">\ud6c4\ud68c \uc5c6\ub294 \uce74\uc9c0\ub178 \uacb0\uc81c \uc218\ub2e8\ubcc4 \uc7a5\ub2e8\uc810 \ube44\uad50\uc640 \ud604\uba85\ud55c \uc120\ud0dd \uac00\uc774\ub4dc \uc2e0\uc6a9\uce74\ub4dc\ub294 \uacb0\uc81c \uc18d\ub3c4\uac00 \ube60\ub974\uace0, \ud3ec\uc778\ud2b8 \uc801\ub9bd\uacfc \uac19\uc740 \ud61c\ud0dd\uc744 \ubc1b\uc744 \uc218 \uc788\uc2b5\ub2c8\ub2e4. \ud558\uc9c0\ub9cc \ud574\uc678 \uc628\ub77c\uc778 \uce74\uc9c0\ub178\uc0ac\uc774\ud2b8\uc5d0\uc11c\ub294 \uc77c\ubd80 \uce74\ub4dc\uc0ac\uc5d0\uc11c \uacb0\uc81c\ub97c \ub9c9\uc744 \ub54c\uac00 \ub9ce\uc544 \uc81c\ud55c\uc774 \uc788\uc2b5\ub2c8\ub2e4....<\/div>\t\t\t\t\t\r\n\t\t\t\t\t\t<div class=\"entry-meta post-meta meta-font\"><div class=\"post-meta-wrap\"><div class=\"comment-count\"><i class=\"fa fa-comment\" aria-hidden=\"true\"><\/i><span>0<\/span><\/div><div class=\"view-count\"><i class=\"fa fa-eye\" aria-hidden=\"true\"><\/i><span>81<\/span><\/div><div class=\"like-count\"><i class=\"fa fa-thumbs-up\" aria-hidden=\"true\"><\/i><span class=\"like-count\" data-id=\"9858\">0<\/span><\/div><div class=\"dislike-count\"><i class=\"fa fa-thumbs-down\" aria-hidden=\"true\"><\/i><span class=\"dislike-count\" data-id=\"9858\">0<\/span><\/div><\/div><\/div>\t\t\r\n\t\t\t\t\t\r\n\t\t\t\t\t<\/div>\r\n\t\t\t\t\t\r\n\t\t\t\t<\/div>\r\n\t\t\t<\/article>\r\n\r\n        <\/div>\r\n        <div class=\"block-small-items\">\r\n    \t\r\n\t\t\t<article class=\"post-item\">\r\n\t\t\t\t<div class=\"post-item-wrap\">\r\n\t\t\t\t\r\n\t\t\t\t\t<div class=\"post-img\"><\/div>\r\n\t\t\t\t\t\r\n\t\t\t\t\t<div class=\"post-content\">\r\n\t\t\t\t\t\t\r\n\t\t\t\t\t\t<h3 class=\"entry-title h6 post-title\"> \r\n\t\t\t\t\t\t\t<a href=\"https:\/\/showmehiphop.com\/index.php\/2025\/07\/15\/page-3344\/\" title=\"\ud55c\uad6d\uc758 \uc628\ub77c\uc778 \uce74\uc9c0\ub178 \uac80\ud1a0\">\ud55c\uad6d\uc758 \uc628\ub77c\uc778 \uce74\uc9c0\ub178 \uac80\ud1a0<\/a> \r\n\t\t\t\t\t\t<\/h3>\r\n\t\t\t\t\t\r\n\t\t\t\t\t\t<div class=\"entry-meta post-meta meta-font\"><div class=\"post-meta-wrap\"><div class=\"author vcard\"><i class=\"fa fa-user-circle\" aria-hidden=\"true\"><\/i><a href=\"https:\/\/showmehiphop.com\/index.php\/author\/admin\/\">admin<\/a><\/div><div class=\"date-time\"><i class=\"fa fa-calendar\" aria-hidden=\"true\"><\/i><span><time class=\"entry-date published\" datetime=\"2025-07-15T13:51:40+00:00\">July 15, 2025<\/time> <span class=\"updated\"><\/span><time class=\"updated\" datetime=\"2025-07-15T14:30:39+00:00\">July 15, 2025<\/time><\/span><\/div><\/div><\/div>\t\t\t\t\t\r\n\t\t\t\t\t<\/div>\r\n\t\t\t\t\t\r\n\t\t\t\t<\/div>\r\n\t\t\t<\/article>\r\n\r\n\t\r\n\t\t\t<article class=\"post-item\">\r\n\t\t\t\t<div class=\"post-item-wrap\">\r\n\t\t\t\t\r\n\t\t\t\t\t<div class=\"post-img\"><\/div>\r\n\t\t\t\t\t\r\n\t\t\t\t\t<div class=\"post-content\">\r\n\t\t\t\t\t\t\r\n\t\t\t\t\t\t<h3 class=\"entry-title h6 post-title\"> \r\n\t\t\t\t\t\t\t<a href=\"https:\/\/showmehiphop.com\/index.php\/2025\/07\/28\/3342\/\" title=\"\uce74\uc9c0\ub178 \uac80\ud1a0.3342\">\uce74\uc9c0\ub178 \uac80\ud1a0.3342<\/a> \r\n\t\t\t\t\t\t<\/h3>\r\n\t\t\t\t\t\r\n\t\t\t\t\t\t<div class=\"entry-meta post-meta meta-font\"><div class=\"post-meta-wrap\"><div class=\"author vcard\"><i class=\"fa fa-user-circle\" aria-hidden=\"true\"><\/i><a href=\"https:\/\/showmehiphop.com\/index.php\/author\/admin\/\">admin<\/a><\/div><div class=\"date-time\"><i class=\"fa fa-calendar\" aria-hidden=\"true\"><\/i><span><time class=\"entry-date published\" datetime=\"2025-07-28T17:55:35+00:00\">July 28, 2025<\/time> <span class=\"updated\"><\/span><time class=\"updated\" datetime=\"2025-07-28T18:04:46+00:00\">July 28, 2025<\/time><\/span><\/div><\/div><\/div>\t\t\t\t\t\r\n\t\t\t\t\t<\/div>\r\n\t\t\t\t\t\r\n\t\t\t\t<\/div>\r\n\t\t\t<\/article>\r\n\r\n\t\r\n\t\t\t<article class=\"post-item\">\r\n\t\t\t\t<div class=\"post-item-wrap\">\r\n\t\t\t\t\r\n\t\t\t\t\t<div class=\"post-img\"><\/div>\r\n\t\t\t\t\t\r\n\t\t\t\t\t<div class=\"post-content\">\r\n\t\t\t\t\t\t\r\n\t\t\t\t\t\t<h3 class=\"entry-title h6 post-title\"> \r\n\t\t\t\t\t\t\t<a href=\"https:\/\/showmehiphop.com\/index.php\/2025\/07\/21\/5-23\/\" title=\"\ucd95\uad6c\ud1a0\ud1a0 5\uac00\uc9c0 \uafc0\ud301! \ucd08\ubcf4\uc790\ub3c4 \uc27d\uac8c \uc2b9\ub9ac\ud558\ub294 \ubc95 \ub2ec\ube5b\ub9e4\uac70\uc9c4\">\ucd95\uad6c\ud1a0\ud1a0 5\uac00\uc9c0 \uafc0\ud301! \ucd08\ubcf4\uc790\ub3c4 \uc27d\uac8c \uc2b9\ub9ac\ud558\ub294 \ubc95 \ub2ec\ube5b\ub9e4\uac70\uc9c4<\/a> \r\n\t\t\t\t\t\t<\/h3>\r\n\t\t\t\t\t\r\n\t\t\t\t\t\t<div class=\"entry-meta post-meta meta-font\"><div class=\"post-meta-wrap\"><div class=\"author vcard\"><i class=\"fa fa-user-circle\" aria-hidden=\"true\"><\/i><a href=\"https:\/\/showmehiphop.com\/index.php\/author\/admin\/\">admin<\/a><\/div><div class=\"date-time\"><i class=\"fa fa-calendar\" aria-hidden=\"true\"><\/i><span><time class=\"entry-date published\" datetime=\"2025-07-21T11:27:29+00:00\">July 21, 2025<\/time> <span class=\"updated\"><\/span><time class=\"updated\" datetime=\"2025-07-21T14:09:27+00:00\">July 21, 2025<\/time><\/span><\/div><\/div><\/div>\t\t\t\t\t\r\n\t\t\t\t\t<\/div>\r\n\t\t\t\t\t\r\n\t\t\t\t<\/div>\r\n\t\t\t<\/article>\r\n\r\n\t\r\n\t\t\t<article class=\"post-item\">\r\n\t\t\t\t<div class=\"post-item-wrap\">\r\n\t\t\t\t\r\n\t\t\t\t\t<div class=\"post-img\"><\/div>\r\n\t\t\t\t\t\r\n\t\t\t\t\t<div class=\"post-content\">\r\n\t\t\t\t\t\t\r\n\t\t\t\t\t\t<h3 class=\"entry-title h6 post-title\"> \r\n\t\t\t\t\t\t\t<a href=\"https:\/\/showmehiphop.com\/index.php\/2025\/08\/02\/page-196\/\" title=\"\ucd5c\uace0\uc758 \ud55c\uad6d \ubb34\uc785\uae08 \uce74\uc9c0\ub178 \ubcf4\ub108\uc2a4 \uc18c\uac1c\">\ucd5c\uace0\uc758 \ud55c\uad6d \ubb34\uc785\uae08 \uce74\uc9c0\ub178 \ubcf4\ub108\uc2a4 \uc18c\uac1c<\/a> \r\n\t\t\t\t\t\t<\/h3>\r\n\t\t\t\t\t\r\n\t\t\t\t\t\t<div class=\"entry-meta post-meta meta-font\"><div class=\"post-meta-wrap\"><div class=\"author vcard\"><i class=\"fa fa-user-circle\" aria-hidden=\"true\"><\/i><a href=\"https:\/\/showmehiphop.com\/index.php\/author\/admin\/\">admin<\/a><\/div><div class=\"date-time\"><i class=\"fa fa-calendar\" aria-hidden=\"true\"><\/i><span><time class=\"entry-date published\" datetime=\"2025-08-02T18:21:01+00:00\">August 2, 2025<\/time> <span class=\"updated\"><\/span><time class=\"updated\" datetime=\"2025-08-02T18:56:01+00:00\">August 2, 2025<\/time><\/span><\/div><\/div><\/div>\t\t\t\t\t\r\n\t\t\t\t\t<\/div>\r\n\t\t\t\t\t\r\n\t\t\t\t<\/div>\r\n\t\t\t<\/article>\r\n\r\n        \t\r\n        <\/div>\r\n                        \t\t\t\t\t\t\t\t\t\t\t<\/div>\t\r\n\t\t\t\t\t\t\t\t<\/div>\r\n                            \t\t\t\t\t\t\t\r\n\t\t\t\t\t\t\r\n\t\t\t\t\t\t\t<\/div>\r\n                    \t        \t\r\n\t\t\t\t\t\t\t<div class=\"bl-page-prev-next bl-page-prev-next-control active-item\">\r\n\t\t\t\t\t\t\t\t<span class=\"next-prev-action disabled-query\" data-action=\"prev\"><i class=\"fa fa-angle-left\" aria-hidden=\"true\"><\/i><\/span>\r\n\t\t\t\t\t\t\t\t<span class=\"next-prev-action\" data-action=\"next\"><i class=\"fa fa-angle-right\" aria-hidden=\"true\"><\/i><\/span>\r\n\t\t\t\t\t\t\t<\/div>\r\n                            \t\t\t\t\t\r\n\t\t\t\t\t\t<\/div>                        \r\n\t\t\t\t\t\t\t\t\t<script>if(typeof(vidorev_builder_control)!==\"undefined\" && vidorev_builder_control!==null){vidorev_builder_control.filter_tab_responsive();}<\/script>\t\t\t\t<\/div>\n\t\t\t\t<\/div>\n\t\t\t\t\t<\/div>\n\t\t<\/div>\n\t\t\t\t<div class=\"elementor-column elementor-col-16 elementor-top-column elementor-element elementor-element-ff84e02\" data-id=\"ff84e02\" data-element_type=\"column\">\n\t\t\t<div class=\"elementor-widget-wrap\">\n\t\t\t\t\t\t\t<\/div>\n\t\t<\/div>\n\t\t\t\t\t<\/div>\n\t\t<\/section>\n\t\t\t\t<\/div>\n\t\t","protected":false},"excerpt":{"rendered":"<p>BLOCK DEFAULT &#8211; 2 COLUMNS AllTRAVELMUSICMOVIESPORTTECHNOLOGYFASHIONGAME Watch LaterAdded 01:19 GAMEVIDEO ADS YOUTUBE VIDEO WITH GOOGLE IMA NICOLASMarch 19, 2016April 17, 2018 The Google IMA SDK for HTML5 V3 allows developers to request and track VAST ads in a HTML5 video environment. For platform compatibi&#8230; 084.1K86536 NEWS Will you be able to afford a flat if [&hellip;]<\/p>\n","protected":false},"author":1,"featured_media":0,"parent":0,"menu_order":0,"comment_status":"closed","ping_status":"closed","template":"page-templates\/front-page-template.php","meta":{"yasr_overall_rating":0,"yasr_post_is_review":"","yasr_auto_insert_disabled":"","yasr_review_type":"","footnotes":""},"class_list":["post-2546","page","type-page","status-publish","hentry"],"yoast_head":"<!-- This site is optimized with the Yoast SEO plugin v24.5 - https:\/\/yoast.com\/wordpress\/plugins\/seo\/ -->\n<title>DEFAULT - 2 COLUMNS - showmehiphop<\/title>\n<meta name=\"robots\" content=\"index, follow, max-snippet:-1, max-image-preview:large, max-video-preview:-1\" \/>\n<link rel=\"canonical\" href=\"https:\/\/showmehiphop.com\/index.php\/default-2-columns\/\" \/>\n<meta property=\"og:locale\" content=\"en_US\" \/>\n<meta property=\"og:type\" content=\"article\" \/>\n<meta property=\"og:title\" content=\"DEFAULT - 2 COLUMNS - showmehiphop\" \/>\n<meta property=\"og:description\" content=\"BLOCK DEFAULT &#8211; 2 COLUMNS AllTRAVELMUSICMOVIESPORTTECHNOLOGYFASHIONGAME Watch LaterAdded 01:19 GAMEVIDEO ADS YOUTUBE VIDEO WITH GOOGLE IMA NICOLASMarch 19, 2016April 17, 2018 The Google IMA SDK for HTML5 V3 allows developers to request and track VAST ads in a HTML5 video environment. For platform compatibi&#8230; 084.1K86536 NEWS Will you be able to afford a flat if [&hellip;]\" \/>\n<meta property=\"og:url\" content=\"https:\/\/showmehiphop.com\/index.php\/default-2-columns\/\" \/>\n<meta property=\"og:site_name\" content=\"showmehiphop\" \/>\n<meta property=\"og:image\" content=\"http:\/\/demo.beeteam368.com\/vidorev\/wp-content\/uploads\/2018\/03\/pubg-xbox-one-update-2-360x203.jpg\" \/>\n<meta name=\"twitter:card\" content=\"summary_large_image\" \/>\n<meta name=\"twitter:label1\" content=\"Est. reading time\" \/>\n\t<meta name=\"twitter:data1\" content=\"1 minute\" \/>\n<script type=\"application\/ld+json\" class=\"yoast-schema-graph\">{\"@context\":\"https:\/\/schema.org\",\"@graph\":[{\"@type\":\"WebPage\",\"@id\":\"https:\/\/showmehiphop.com\/index.php\/default-2-columns\/\",\"url\":\"https:\/\/showmehiphop.com\/index.php\/default-2-columns\/\",\"name\":\"DEFAULT - 2 COLUMNS - showmehiphop\",\"isPartOf\":{\"@id\":\"https:\/\/showmehiphop.com\/#website\"},\"primaryImageOfPage\":{\"@id\":\"https:\/\/showmehiphop.com\/index.php\/default-2-columns\/#primaryimage\"},\"image\":{\"@id\":\"https:\/\/showmehiphop.com\/index.php\/default-2-columns\/#primaryimage\"},\"thumbnailUrl\":\"http:\/\/demo.beeteam368.com\/vidorev\/wp-content\/uploads\/2018\/03\/pubg-xbox-one-update-2-360x203.jpg\",\"datePublished\":\"2018-03-23T06:22:41+00:00\",\"breadcrumb\":{\"@id\":\"https:\/\/showmehiphop.com\/index.php\/default-2-columns\/#breadcrumb\"},\"inLanguage\":\"en-US\",\"potentialAction\":[{\"@type\":\"ReadAction\",\"target\":[\"https:\/\/showmehiphop.com\/index.php\/default-2-columns\/\"]}]},{\"@type\":\"ImageObject\",\"inLanguage\":\"en-US\",\"@id\":\"https:\/\/showmehiphop.com\/index.php\/default-2-columns\/#primaryimage\",\"url\":\"http:\/\/demo.beeteam368.com\/vidorev\/wp-content\/uploads\/2018\/03\/pubg-xbox-one-update-2-360x203.jpg\",\"contentUrl\":\"http:\/\/demo.beeteam368.com\/vidorev\/wp-content\/uploads\/2018\/03\/pubg-xbox-one-update-2-360x203.jpg\"},{\"@type\":\"BreadcrumbList\",\"@id\":\"https:\/\/showmehiphop.com\/index.php\/default-2-columns\/#breadcrumb\",\"itemListElement\":[{\"@type\":\"ListItem\",\"position\":1,\"name\":\"Home\",\"item\":\"https:\/\/showmehiphop.com\/\"},{\"@type\":\"ListItem\",\"position\":2,\"name\":\"DEFAULT &#8211; 2 COLUMNS\"}]},{\"@type\":\"WebSite\",\"@id\":\"https:\/\/showmehiphop.com\/#website\",\"url\":\"https:\/\/showmehiphop.com\/\",\"name\":\"showmehiphop\",\"description\":\"\",\"potentialAction\":[{\"@type\":\"SearchAction\",\"target\":{\"@type\":\"EntryPoint\",\"urlTemplate\":\"https:\/\/showmehiphop.com\/?s={search_term_string}\"},\"query-input\":{\"@type\":\"PropertyValueSpecification\",\"valueRequired\":true,\"valueName\":\"search_term_string\"}}],\"inLanguage\":\"en-US\"},false]}<\/script>\n<!-- \/ Yoast SEO plugin. -->","yoast_head_json":{"title":"DEFAULT - 2 COLUMNS - showmehiphop","robots":{"index":"index","follow":"follow","max-snippet":"max-snippet:-1","max-image-preview":"max-image-preview:large","max-video-preview":"max-video-preview:-1"},"canonical":"https:\/\/showmehiphop.com\/index.php\/default-2-columns\/","og_locale":"en_US","og_type":"article","og_title":"DEFAULT - 2 COLUMNS - showmehiphop","og_description":"BLOCK DEFAULT &#8211; 2 COLUMNS AllTRAVELMUSICMOVIESPORTTECHNOLOGYFASHIONGAME Watch LaterAdded 01:19 GAMEVIDEO ADS YOUTUBE VIDEO WITH GOOGLE IMA NICOLASMarch 19, 2016April 17, 2018 The Google IMA SDK for HTML5 V3 allows developers to request and track VAST ads in a HTML5 video environment. For platform compatibi&#8230; 084.1K86536 NEWS Will you be able to afford a flat if [&hellip;]","og_url":"https:\/\/showmehiphop.com\/index.php\/default-2-columns\/","og_site_name":"showmehiphop","og_image":[{"url":"http:\/\/demo.beeteam368.com\/vidorev\/wp-content\/uploads\/2018\/03\/pubg-xbox-one-update-2-360x203.jpg","type":"","width":"","height":""}],"twitter_card":"summary_large_image","twitter_misc":{"Est. reading time":"1 minute"},"schema":{"@context":"https:\/\/schema.org","@graph":[{"@type":"WebPage","@id":"https:\/\/showmehiphop.com\/index.php\/default-2-columns\/","url":"https:\/\/showmehiphop.com\/index.php\/default-2-columns\/","name":"DEFAULT - 2 COLUMNS - showmehiphop","isPartOf":{"@id":"https:\/\/showmehiphop.com\/#website"},"primaryImageOfPage":{"@id":"https:\/\/showmehiphop.com\/index.php\/default-2-columns\/#primaryimage"},"image":{"@id":"https:\/\/showmehiphop.com\/index.php\/default-2-columns\/#primaryimage"},"thumbnailUrl":"http:\/\/demo.beeteam368.com\/vidorev\/wp-content\/uploads\/2018\/03\/pubg-xbox-one-update-2-360x203.jpg","datePublished":"2018-03-23T06:22:41+00:00","breadcrumb":{"@id":"https:\/\/showmehiphop.com\/index.php\/default-2-columns\/#breadcrumb"},"inLanguage":"en-US","potentialAction":[{"@type":"ReadAction","target":["https:\/\/showmehiphop.com\/index.php\/default-2-columns\/"]}]},{"@type":"ImageObject","inLanguage":"en-US","@id":"https:\/\/showmehiphop.com\/index.php\/default-2-columns\/#primaryimage","url":"http:\/\/demo.beeteam368.com\/vidorev\/wp-content\/uploads\/2018\/03\/pubg-xbox-one-update-2-360x203.jpg","contentUrl":"http:\/\/demo.beeteam368.com\/vidorev\/wp-content\/uploads\/2018\/03\/pubg-xbox-one-update-2-360x203.jpg"},{"@type":"BreadcrumbList","@id":"https:\/\/showmehiphop.com\/index.php\/default-2-columns\/#breadcrumb","itemListElement":[{"@type":"ListItem","position":1,"name":"Home","item":"https:\/\/showmehiphop.com\/"},{"@type":"ListItem","position":2,"name":"DEFAULT &#8211; 2 COLUMNS"}]},{"@type":"WebSite","@id":"https:\/\/showmehiphop.com\/#website","url":"https:\/\/showmehiphop.com\/","name":"showmehiphop","description":"","potentialAction":[{"@type":"SearchAction","target":{"@type":"EntryPoint","urlTemplate":"https:\/\/showmehiphop.com\/?s={search_term_string}"},"query-input":{"@type":"PropertyValueSpecification","valueRequired":true,"valueName":"search_term_string"}}],"inLanguage":"en-US"},false]}},"yasr_visitor_votes":{"stars_attributes":{"read_only":true,"span_bottom":"<div class='yasr-small-block-bold'><span class='yasr-visitor-votes-must-sign-in'>You must sign in to vote<\/span><\/div>"},"number_of_votes":0,"sum_votes":0},"cmb2":{"page_slider_settings":{"display_slider_group":"","page_slider_group":""},"blog_page_settings":{"blog_page_title":"","blog_page_heading":"","blog_page_advance_search":"","blog_page_ic":"","blog_page_it":"","blog_page_ec":"","blog_page_ip":"","blog_page_advance_search_id":"","archive_loop_style":"grid-default","blog_image_ratio":"","blog_show_categories":"on","blog_show_excerpt":"on","blog_show_author":"on","blog_show_date":"on","blog_show_comment_count":"on","blog_show_view_count":"on","blog_show_like_count":"on","blog_show_dislike_count":"on","blog_items_per_page":"10","blog_pag_type":"wp-default"},"page_options":{"get_page_template":"","color_mode":"","main_layout":"","main_layout_full_with":"","main_logo":"","main_logo_id":"","main_logo_retina":"","main_logo_retina_id":"","main_logo_mobile":"","main_logo_mobile_id":"","main_logo_mobile_retina":"","main_logo_mobile_retina_id":"","sticky_logo":"","sticky_logo_id":"","sticky_logo_retina":"","sticky_logo_retina_id":"","main_nav_layout":"","ajax_search":"","header_background":"","theme_sidebar":"hidden","instagram_feed":"","instagram_feed_position":"header","popular_videos":"off","popular_videos_title_1":"","popular_videos_title_2":"","popular_videos_ic":"","popular_videos_it":"","theme_background":"","page_custom_css":""}},"_links":{"self":[{"href":"https:\/\/showmehiphop.com\/index.php\/wp-json\/wp\/v2\/pages\/2546","targetHints":{"allow":["GET"]}}],"collection":[{"href":"https:\/\/showmehiphop.com\/index.php\/wp-json\/wp\/v2\/pages"}],"about":[{"href":"https:\/\/showmehiphop.com\/index.php\/wp-json\/wp\/v2\/types\/page"}],"author":[{"embeddable":true,"href":"https:\/\/showmehiphop.com\/index.php\/wp-json\/wp\/v2\/users\/1"}],"replies":[{"embeddable":true,"href":"https:\/\/showmehiphop.com\/index.php\/wp-json\/wp\/v2\/comments?post=2546"}],"version-history":[{"count":0,"href":"https:\/\/showmehiphop.com\/index.php\/wp-json\/wp\/v2\/pages\/2546\/revisions"}],"wp:attachment":[{"href":"https:\/\/showmehiphop.com\/index.php\/wp-json\/wp\/v2\/media?parent=2546"}],"curies":[{"name":"wp","href":"https:\/\/api.w.org\/{rel}","templated":true}]}}